= 3*y - 6. Let a be b(3). Let l(g) = 5*g**3 - 2 - 4*g**3 + 2*g**2 + a*g - 6*g**2. Give l(i).
-2
Suppose 21 = -1022*n + 1029*n. Let s(x) be the first derivative of 4*x - n + 1/2*x**2. Calculate s(6).
10
Let a(t) = -86*t - 88*t + 176*t + 12. Give a(-5).
2
Let a(g) be the third derivative of -g**4/8 - 8*g**3/3 + 2*g**2 + 57. Calculate a(-8).
8
Let v(k) = 7*k**2 - 6*k - 6. Let m(f) be the first derivative of 2*f**3 - 3*f**2 - 5*f + 18. Let d(l) = 6*m(l) - 5*v(l). Calculate d(6).
0
Let w = -27 + 31. Let h(i) = -4*i - 5 + 2*i + 1 - w*i. What is h(-4)?
20
Let m = 23 + -23. Let u(q) be the second derivative of q**3/6 - 9*q**2/2 + 3*q. What is u(m)?
-9
Let a(v) = -3*v + 6. Suppose 6 = 2*g + 4*u, 26*g - 3*u - 9 = 23*g. Determine a(g).
-3
Let t(i) be the first derivative of i**4/4 - 8*i**3/3 + 3*i**2 - 2*i - 2. Suppose 0 = -0*p + 2*p + d - 79, 0 = 2*p + 5*d - 91. Let s = -31 + p. Give t(s).
-9
Let u be (-3)/(1/(-2)*3). Suppose 3 = 3*s - 3. Let m be (s - (-2 - -2))*u. Let z(g) = g**3 - 5*g**2 + 5*g - 5. Determine z(m).
-1
Let t(a) = -2*a**2 - 5*a. Let f(d) = d**2 + 5*d. Let q(n) = 3*f(n) + 2*t(n). Let y(r) = r**3 - 16*r**2 + 47*r + 16. Let m be y(12). Determine q(m).
4
Let g(c) be the third derivative of c**6/360 + 3*c**4/4 + 5*c**2. Let f(i) be the second derivative of g(i). Calculate f(5).
10
Let b = 53 + -29. Let y(v) = b*v + 4 - v**3 + 16*v**2 - 31*v - 10*v**2. What is y(5)?
-6
Let q(z) = -9*z + 3. Let g(n) = 66 + 71 - 136 - 4*n. Let x(s) = -14*g(s) + 6*q(s). Give x(5).
14
Suppose 0 = a - 8 - 3. Suppose 7 + a = 2*q. Let m(x) = x**3 - 9*x**2 + x - 6. Calculate m(q).
3
Suppose 0 = 5*p - 15, 2*p - 18 = 2*f - 4*f. Let v(q) = -4*q**2 - 6*q + 4. Let k(w) = 4 + 1 - w**2 - 6. Let l(g) = 5*k(g) - v(g). Determine l(f).
-9
Let v(u) = -u**2 - 9*u + 10. Let p = 588 + -597. What is v(p)?
10
Let f(k) = 4*k**3 + k**2 + 8*k + 1. Let j(x) = -3*x**3 + x**2 - 7*x - 2. Let q(t) = 2*f(t) + 3*j(t). Calculate q(3).
-1
Suppose 0 = -5*c + 5, -5*b + c - 16 = -10*b. Let m(j) = j**3 + 2*j**2 - j - 2. What is m(b)?
40
Let a(p) = p**2 - 8*p + 6. Suppose -m = 10*h - 11*h + 10, m + 34 = 5*h. What is a(h)?
-6
Let n(t) = -5*t**2 - 9*t + 9. Let v(r) = -6 + 8*r - 1 - 2 + r**2 + 3*r**2. Let p(z) = -3*n(z) - 4*v(z). Give p(-7).
-5
Suppose 0 = 5*s + 4 - 29. Let n(f) = 2*f - 10. Give n(s).
0
Let v(c) be the second derivative of c**5/60 + c**4/6 - 17*c**3/6 - 18*c. Let h(i) be the second derivative of v(i). Give h(-5).
-6
Let a(l) = l**3 - 20*l**2 + 4. Let w be a(20). Let b(y) = y**3 - 4*y**2 + 6. Determine b(w).
6
Suppose f + f = -3*f. Let v(b) = 8*b - b + f*b + 3 - 6*b. Give v(8).
11
Suppose 0 = 5*f - 25, -f + 1 = -4*m + 2*m. Suppose 0 = n - 4 + 1. Let c(p) = -p**2 + 0*p**3 + m*p**3 - p**3 - p - 1 - n. Determine c(0).
-4
Let h(b) = -b**3 + 12*b**2 - 2*b + 17. Suppose 2*f + 6*r = 9*r + 36, 0 = 2*f - 4*r - 40. Give h(f).
-7
Let x(n) = -64*n - 16. Let o(w) be the third derivative of 7*w**4/8 + 5*w**3/6 - 7*w**2. Let a(f) = -16*o(f) - 5*x(f). Give a(-1).
16
Let p(i) = -3 + 4*i**2 - 2*i + 5 - 6 + 3. Let h(d) = -3*d - 3. Let b be h(-1). Suppose x + 1 = -b*x. Give p(x).
5
Suppose -c - 37 = 73. Let v = 114 + c. Let z(j) = -j**2 + 5*j - 5. Calculate z(v).
-1
Let g(t) = -10*t + 1. Let b = -133 + 129. Let q(x) = x**2 - x. Let s(a) = 7*a**2 - a + 5. Let z(u) = 6*q(u) - s(u). Let k be z(b). What is g(k)?
11
Let h(b) = 21 + 254*b**2 + 36 - 4 - 253*b**2 + 21*b. Give h(-18).
-1
Suppose 7*q - 59 = 53. Let u(g) = q + 2*g - 11 - g. Give u(-9).
-4
Let b(k) = k + 2. Suppose 4*o + 4*p + 4 = 0, o + 0*p + 2 = -2*p. Suppose 0 = 4*q - o*q - 12. Determine b(q).
5
Let q(z) = 7*z - 2. Let b = -10 - -4. Let u(a) = 8*a - 3. Let h(o) = b*u(o) + 7*q(o). Let g be h(0). Let c(v) = v + 2. What is c(g)?
6
Suppose 7*a = 5*a - 3*x + 14, -2*a + 26 = -3*x. Let m(i) = -2*i + 11. Calculate m(a).
-9
Let z(x) = 26*x**2 - 1. Let y(g) = g**2 + 10*g + 23. Let s be y(-7). Suppose 1 - s = -r. Give z(r).
25
Let v(k) = 4*k - 1. Let d be (-9)/45 + (-28)/10. Let m(u) = -4*u + 1. Let a(j) = d*m(j) - 2*v(j). Calculate a(1).
3
Let u be ((-30)/20)/(1/(-2)). Suppose 5*t - 2*t - u*a - 39 = 0, 4*t - 60 = -4*a. Let r(b) = 5*b - t*b + 10*b. Calculate r(-2).
-2
Suppose 3*z = 2*i + 20, 2*z - 2*i - 20 = i. Let g be (-37)/(-7) + z/(-14). Let k be g/((-4)/16*-4). Let o(f) = -f + 2. What is o(k)?
-3
Suppose a = 3, -5*i - 5*a = -0*i. Let x(q) = q**2 + q - 3. What is x(i)?
3
Let r(i) be the second derivative of i**5/20 + 5*i**4/12 - i**3 + i**2 - 22*i - 4. What is r(-6)?
2
Let t(c) = -19*c - 12. Let r(b) be the first derivative of 14*b**2 + 17*b - 4. Let x(k) = 5*r(k) + 7*t(k). Determine x(-1).
-6
Let k(o) = o + 52. Let b(f) = 10. Let h(y) = 5*b(y) - k(y). Determine h(7).
-9
Let f be 111/7 + 2/14. Let k = 2 - f. Let l be (-60)/k + (-8)/28. Let s(p) = p**2 - 3*p + 2. Determine s(l).
6
Let g(n) = n**3 + 3*n**2 - 4*n + 1. Let m be (12/9)/((-10)/1050). Let s = m + 136. Determine g(s).
1
Suppose -2*h = -4 - 8. Let r be (3 - (-21)/(-5))/(h/15). Let w(o) be the second derivative of o**4/12 - o**3/3 + o**2/2 + o. Calculate w(r).
16
Let f = 4 - 11. Let o(g) = -g**3 - 7*g**2 - g - 5. Let x be o(f). Let h(p) = -3*p - 2*p + 5*p + p. What is h(x)?
2
Let r be (-7 + (4 - 9))/2. Let a(i) be the third derivative of i**5/60 + i**4/4 + 5*i**3/6 - i**2. Determine a(r).
5
Suppose -5*k - 25 = 0, 6*i = i + 3*k + 40. Let y(z) = z**3 - 5*z**2 + 2*z - 7. Give y(i).
3
Let v(f) = f - 5. Let d be v(5). Let y(x) be the first derivative of x**3/6 + 5*x**2 - 12*x + 2. Let r(g) be the first derivative of y(g). Determine r(d).
10
Let m(w) = 6*w + 6. Let o(f) = f + 1. Let t(s) = -6*s - 7. Let c(l) = -o(l) - t(l). Let r(v) = 4*c(v) - 3*m(v). Let k = 8 + -13. Calculate r(k).
-4
Suppose 0 = 5*u - 2*c - 11, 2*u + 0*u - 3*c = 0. Let l(f) = 54 + 2*f**2 - u*f**2 - 56 + 4*f**2 + 3*f. Give l(2).
16
Let t(r) = -2*r**2 - r + 1 - 5*r + 4*r + 0*r + r**3. Suppose 5 = 3*n + 2*w + 7, -2*n - 5*w + 6 = 0. Give t(n).
-11
Let o(q) = -4*q + 74. Suppose 368 = 61*z - 730. Give o(z).
2
Let v be -2*(-2 + 3)*-2. Let o(w) be the first derivative of -w**5/120 + w**4/12 + 22*w**3/3 + 23. Let f(g) be the third derivative of o(g). Determine f(v).
-2
Let n(q) = -19*q**3 + 9*q**2 + 9*q + 6. Let h(s) = 63*s**3 - 27*s**2 - 27*s - 20. Let l(k) = -3*h(k) - 10*n(k). Determine l(10).
10
Let i(a) = 4*a**2 + 5*a + 42. Let y(c) = -c**2 - c - 10. Let z(f) = 2*i(f) + 9*y(f). Give z(0).
-6
Let d(j) be the first derivative of -j**3/3 + 7*j**2/2 - j + 42. Suppose -4*h = -0*h - 4. Let r(s) = 5*s**2 - s + 1. Let y be r(h). Give d(y).
9
Let x be ((-6)/(-4))/(495/154 + -3). Let q(g) be the third derivative of -g**4/24 + 7*g**3/3 + 5*g**2. What is q(x)?
7
Suppose 0*h - 4*h + 4*g = -40, 0 = 4*h + 2*g - 22. Let i(q) = -3*q + 1. Determine i(h).
-20
Let b(a) = -5*a**2 - 7*a + 5. Let k(o) = o**2 - 1. Let x(u) = -b(u) - 4*k(u). Let l(q) = q**2 + 8*q + 4. Let m be l(-7). Give x(m).
-13
Let h(z) be the first derivative of -z**4/4 - z**2/2 + z - 4. Let p = 36 - 32. Let w be 2 + -1 - -1 - (-2 + p). What is h(w)?
1
Let w(s) = s - 12. Suppose -3*g + 5*g = 12. Give w(g).
-6
Let c(j) = 2*j + 1. Let o(f) = -5*f. Let i(x) = 5*c(x) + o(x). Give i(-6).
-25
Let t(r) be the second derivative of r**5/20 + 3*r**4/4 - 11*r**3/6 - r**2 + 2*r + 1. Determine t(-10).
8
Suppose -4*f + 4*k + 163 = -141, -5*f + 370 = 5*k. Let a(r) = 8*r**2 + f*r - 4 - 81*r + r**3 + 1 - 2*r**2. Calculate a(-7).
-10
Let h(k) = k**2 - 7*k + 9. Let g = -2602 + 2606. Calculate h(g).
-3
Let m(b) = -b**2 + 6*b + 9. Let p be m(7). Suppose 0 = -6*r + p*r - 8. Let c(f) = -f + 2. Calculate c(r).
4
Let b(a) = -2*a - 11. Suppose -262*l = -305*l + 645. What is b(l)?
-41
Let r(z) be the third derivative of -z**6/120 + 3*z**5/20 - 5*z**4/12 + 7*z**3/6 - 111*z**2. Suppose 44 = 3*h + 5*b, -b + 5*b - 56 = -5*h. Calculate r(h).
-9
Let a(y) be the second derivative of y**4/12 + y**3/3 - y**2 + 13*y. Let d be a(-4). Let c(j) = -j**2 + 7*j - 3. Calculate c(d).
3
Suppose 3*i + 5 = 14. Suppose -3*v + 19 + 2 = 0. Let t(y) = -y**2 - 4 + v*y + 16*y - 19*y. Calculate t(i).
-1
Let z(x) be the second derivative of x**4/12 + x**3/3 - x**2/2 - 5*x + 8. Let g = -21 + 23. Calculate z(g).
7
Suppose i - 54 = 5*y, -5*i + 7 = -y + 1. Let c(o) = o**3 + 8*o**2 - 3*o + 1. Let l(j) = j**3 + 9*j**2 - 2*j. Let v(x) = -2*c(x) + 3*l